{"id":121,"date":"2024-08-08T23:25:35","date_gmt":"2024-08-08T23:25:35","guid":{"rendered":"https:\/\/polanco420.com\/?page_id=121"},"modified":"2024-08-08T23:25:35","modified_gmt":"2024-08-08T23:25:35","slug":"metatags2","status":"publish","type":"page","link":"https:\/\/polanco420.com\/?page_id=121","title":{"rendered":"metatags2"},"content":{"rendered":"<div class=\"flex-1 overflow-hidden\">\n<div class=\"h-full\">\n<div class=\"react-scroll-to-bottom--css-iqegw-79elbk h-full\">\n<div class=\"react-scroll-to-bottom--css-iqegw-1n7m0yu\">\n<div class=\"flex flex-col text-sm md:pb-9\">\n<div class=\"w-full text-token-text-primary\" dir=\"auto\" data-testid=\"conversation-turn-27\" data-scroll-anchor=\"true\">\n<div class=\"text-base py-[18px] px-3 md:px-4 m-auto md:px-5 lg:px-1 xl:px-5\">\n<div class=\"mx-auto flex flex-1 gap-4 text-base md:gap-5 lg:gap-6 md:max-w-3xl\">\n<div class=\"group\/conversation-turn relative flex w-full min-w-0 flex-col agent-turn\">\n<div class=\"flex-col gap-1 md:gap-3\">\n<div class=\"flex max-w-full flex-col flex-grow\">\n<div class=\"min-h-[20px] text-message flex w-full flex-col items-end gap-2 whitespace-pre-wrap break-words [.text-message+&amp;]:mt-5 overflow-x-auto\" dir=\"auto\" data-message-author-role=\"assistant\" data-message-id=\"56db5560-abbe-4347-80f3-0054bdc1658b\">\n<div class=\"flex w-full flex-col gap-1 empty:hidden first:pt-[3px]\">\n<div class=\"result-streaming markdown prose w-full break-words dark:prose-invert light\">\n<div class=\"dark bg-gray-950 rounded-md border-[0.5px] border-token-border-medium\">\n<div class=\"overflow-y-auto p-4\" dir=\"ltr\"><code class=\"!whitespace-pre hljs language-csharp\">Polanco, Ciudad de M\u00e9xico, tiendas en Polanco, restaurantes en Polanco, hoteles en Polanco, eventos en Polanco, atracciones en Polanco, turismo Polanco, vida nocturna Polanco, actividades en Polanco, cultura en Polanco, arte en Polanco, shopping Polanco, boutiques Polanco, cafeter\u00ed<span class=\"hljs-keyword\">as<\/span> Polanco, gastronom\u00eda en Polanco, bares en Polanco, museos en Polanco, centros comerciales Polanco, servicios en Polanco, negocios en Polanco, empresas en Polanco, oficinas en Polanco, cafeter\u00ed<span class=\"hljs-keyword\">as<\/span> de lujo Polanco, restaurantes de alta gama Polanco, turismo de lujo Polanco, actividades recreativas Polanco, parques en Polanco, spas en Polanco, belleza en Polanco, centros de salud Polanco, gimnasios Polanco, yoga en Polanco, bienestar en Polanco, actividades al aire libre Polanco, zonas verdes Polanco, comida gourmet Polanco, comida r\u00e1pida Polanco, comida mexicana Polanco, comida internacional Polanco, cocina fusi\u00f3n Polanco, cenas rom\u00e1nticas Polanco, brunch en Polanco, ofertas en Polanco, promociones en Polanco, mercado en Polanco, eventos sociales Polanco, conciertos en Polanco, festivales en Polanco, exposiciones en Polanco, ferias en Polanco, shows en Polanco, eventos deportivos Polanco, vida diaria en Polanco, vecindario Polanco, historia de Polanco, cultura local Polanco, arte local Polanco, eventos culturales Polanco, vida en Polanco, estilo de vida Polanco, atracciones tur\u00edsticas Polanco, actividades para familias Polanco, turismo en la ciudad de M\u00e9xico, actividades familiares en Polanco, restaurantes familiares Polanco, caf\u00e9s familiares Polanco, spas familiares Polanco, hoteles familiares Polanco, eventos para ni\u00f1os Polanco, servicios para turistas Polanco, recomendaciones en Polanco, lugares para visitar en Polanco, cosas que hacer en Polanco, actividades en la ciudad de M\u00e9xico, gastronom\u00eda en la ciudad de M\u00e9xico, restaurantes en la ciudad de M\u00e9xico, hoteles en la ciudad de M\u00e9xico, turismo en la ciudad de M\u00e9xico, vida nocturna en la ciudad de M\u00e9xico, eventos en la ciudad de M\u00e9xico, arte en la ciudad de M\u00e9xico, cultura en la ciudad de M\u00e9xico, centros comerciales en la ciudad de M\u00e9xico, shopping en la ciudad de M\u00e9xico, atracciones en la ciudad de M\u00e9xico, museos en la ciudad de M\u00e9xico, bares en la ciudad de M\u00e9xico, caf\u00e9s en la ciudad de M\u00e9xico, gastronom\u00eda internacional en la ciudad de M\u00e9xico, comida mexicana en la ciudad de M\u00e9xico, comida gourmet en la ciudad de M\u00e9xico, cocina fusi\u00f3n en la ciudad de M\u00e9xico, restaurantes de lujo en la ciudad de M\u00e9xico, spas en la ciudad de M\u00e9xico, belleza en la ciudad de M\u00e9xico, centros de salud en la ciudad de M\u00e9xico, gimnasios en la ciudad de M\u00e9xico, yoga en la ciudad de M\u00e9xico, bienestar en la ciudad de M\u00e9xico, zonas verdes en la ciudad de M\u00e9xico, parques en la ciudad de M\u00e9xico, eventos sociales en la ciudad de M\u00e9xico, conciertos en la ciudad de M\u00e9xico, festivales en la ciudad de M\u00e9xico, exposiciones en la ciudad de M\u00e9xico, ferias en la ciudad de M\u00e9xico, shows en la ciudad de M\u00e9xico, eventos deportivos en la ciudad de M\u00e9xico, vida diaria en la ciudad de M\u00e9xico, vecindario en la ciudad de M\u00e9xico, historia de la ciudad de M\u00e9xico, arte local en la ciudad de M\u00e9xico, eventos culturales en la ciudad de M\u00e9xico, vida en la ciudad de M\u00e9xico, estilo de vida en la ciudad de M\u00e9xico, actividades para familias en la ciudad de M\u00e9xico, lugares para visitar en la ciudad de M\u00e9xico, recomendaciones en la ciudad de M\u00e9xico, actividades para turistas en la ciudad de M\u00e9xico, turismo de lujo en la ciudad de M\u00e9xico, actividades recreativas en la ciudad de M\u00e9xico, zonas tur\u00edsticas en la ciudad de M\u00e9xico, servicios tur\u00edsticos en la ciudad de M\u00e9xico, promociones en la ciudad de M\u00e9xico, ofertas en la ciudad de M\u00e9xico, comida r\u00e1pida en Polanco, comida gourmet en Polanco, restaurantes de sushi Polanco, restaurantes italianos Polanco, cafeter\u00ed<span class=\"hljs-keyword\">as<\/span> gourmet Polanco, bares de vinos Polanco, pubs en Polanco, actividades en familia Polanco, centros de entretenimiento Polanco, gastronom\u00eda de autor Polanco, actividades culturales Polanco, lugares para hacer shopping Polanco, mercados de artesan\u00ed<span class=\"hljs-keyword\">as<\/span> Polanco, eventos especiales Polanco, ferias de comida Polanco, exposiciones de arte Polanco, shows en vivo Polanco, cenas exclusivas Polanco, cenas tem\u00e1ticas Polanco, brunchs en Polanco, ofertas gastron\u00f3micas Polanco, promocio<br \/>\n<\/code><\/div>\n<\/div>\n<\/div>\n<\/div>\n<\/div>\n<\/div>\n<\/div>\n<div class=\"absolute\">\n<div class=\"flex items-center justify-center\"><\/div>\n<\/div>\n<\/div>\n<\/div>\n<\/div>\n<\/div>\n<\/div>\n<\/div>\n<\/div>\n<\/div>\n<\/div>\n<div class=\"md:pt-0 dark:border-white\/20 md:border-transparent md:dark:border-transparent w-full\">\n<div class=\"text-base px-3 md:px-4 m-auto md:px-5 lg:px-1 xl:px-5\">\n<div class=\"mx-auto flex flex-1 gap-4 text-base md:gap-5 lg:gap-6 md:max-w-3xl\">\n<form class=\"w-full\" aria-haspopup=\"dialog\" aria-expanded=\"false\" aria-controls=\"radix-:r4:\" data-state=\"closed\">\n<div class=\"relative flex h-full max-w-full flex-1 flex-col\">\n<div class=\"absolute bottom-full left-0 right-0 z-20\"><\/div>\n<div class=\"flex w-full items-center\">\n<div class=\"flex w-full flex-col gap-1.5 rounded-[26px] p-1.5 transition-colors bg-[#f4f4f4] dark:bg-token-main-surface-secondary\">\n<div class=\"flex items-end gap-1.5 md:gap-2\">\n<div class=\"flex min-w-0 flex-1 flex-col pl-4\"><\/div>\n<\/div>\n<\/div>\n<\/div>\n<\/div>\n<\/form>\n<\/div>\n<\/div>\n<\/div>\n","protected":false},"excerpt":{"rendered":"<p>Polanco, Ciudad de M\u00e9xico, tiendas en Polanco, restaurantes en Polanco, hoteles en Polanco, eventos en Polanco, atracciones en Polanco, turismo Polanco, vida nocturna Polanco, actividades en Polanco, cultura en Polanco, arte en Polanco, shopping Polanco, boutiques Polanco, cafeter\u00edas Polanco, gastronom\u00eda en Polanco, bares en Polanco, museos en Polanco, centros comerciales Polanco, servicios en Polanco, negocios [&hellip;]<\/p>\n","protected":false},"author":1,"featured_media":0,"parent":0,"menu_order":0,"comment_status":"closed","ping_status":"closed","template":"","meta":{"footnotes":""},"class_list":["post-121","page","type-page","status-publish","hentry"],"yoast_head":"<!-- This site is optimized with the Yoast SEO plugin v25.2 - https:\/\/yoast.com\/wordpress\/plugins\/seo\/ -->\n<title>metatags2 - Polanco420.com - Comprar Marihuana 420 Polanco CDMX - Envios a todo Mexico - Whatsapp: 00528135669557 \u2013 Eva Whatsapp Secundario : 00528132769756 Mike -<\/title>\n<meta name=\"robots\" content=\"index, follow, max-snippet:-1, max-image-preview:large, max-video-preview:-1\" \/>\n<link rel=\"canonical\" href=\"https:\/\/polanco420.com\/?page_id=121\" \/>\n<meta property=\"og:locale\" content=\"es_ES\" \/>\n<meta property=\"og:type\" content=\"article\" \/>\n<meta property=\"og:title\" content=\"metatags2 - Polanco420.com - Comprar Marihuana 420 Polanco CDMX - Envios a todo Mexico - Whatsapp: 00528135669557 \u2013 Eva Whatsapp Secundario : 00528132769756 Mike -\" \/>\n<meta property=\"og:description\" content=\"Polanco, Ciudad de M\u00e9xico, tiendas en Polanco, restaurantes en Polanco, hoteles en Polanco, eventos en Polanco, atracciones en Polanco, turismo Polanco, vida nocturna Polanco, actividades en Polanco, cultura en Polanco, arte en Polanco, shopping Polanco, boutiques Polanco, cafeter\u00edas Polanco, gastronom\u00eda en Polanco, bares en Polanco, museos en Polanco, centros comerciales Polanco, servicios en Polanco, negocios [&hellip;]\" \/>\n<meta property=\"og:url\" content=\"https:\/\/polanco420.com\/?page_id=121\" \/>\n<meta property=\"og:site_name\" content=\"Polanco420.com - Comprar Marihuana 420 Polanco CDMX - Envios a todo Mexico - Whatsapp: 00528135669557 \u2013 Eva Whatsapp Secundario : 00528132769756 Mike -\" \/>\n<meta name=\"twitter:card\" content=\"summary_large_image\" \/>\n<script type=\"application\/ld+json\" class=\"yoast-schema-graph\">{\"@context\":\"https:\/\/schema.org\",\"@graph\":[{\"@type\":\"WebPage\",\"@id\":\"https:\/\/polanco420.com\/?page_id=121\",\"url\":\"https:\/\/polanco420.com\/?page_id=121\",\"name\":\"metatags2 - Polanco420.com - Comprar Marihuana 420 Polanco CDMX - Envios a todo Mexico - Whatsapp: 00528135669557 \u2013 Eva Whatsapp Secundario : 00528132769756 Mike -\",\"isPartOf\":{\"@id\":\"https:\/\/polanco420.com\/#website\"},\"datePublished\":\"2024-08-08T23:25:35+00:00\",\"breadcrumb\":{\"@id\":\"https:\/\/polanco420.com\/?page_id=121#breadcrumb\"},\"inLanguage\":\"es\",\"potentialAction\":[{\"@type\":\"ReadAction\",\"target\":[\"https:\/\/polanco420.com\/?page_id=121\"]}]},{\"@type\":\"BreadcrumbList\",\"@id\":\"https:\/\/polanco420.com\/?page_id=121#breadcrumb\",\"itemListElement\":[{\"@type\":\"ListItem\",\"position\":1,\"name\":\"Portada\",\"item\":\"https:\/\/polanco420.com\/\"},{\"@type\":\"ListItem\",\"position\":2,\"name\":\"metatags2\"}]},{\"@type\":\"WebSite\",\"@id\":\"https:\/\/polanco420.com\/#website\",\"url\":\"https:\/\/polanco420.com\/\",\"name\":\"Polanco420.com - Comprar Marihuana 420 Polanco CDMX - Envios a todo Mexico - Whatsapp: 00528135669557 \u2013 Eva Whatsapp Secundario : 00528132769756 Mike -\",\"description\":\"Polanco420.com \u2013 8132769756 whatsapp Venta de marihuana en mano y por correo en Polanco CDMX y Toluca\",\"publisher\":{\"@id\":\"https:\/\/polanco420.com\/#organization\"},\"potentialAction\":[{\"@type\":\"SearchAction\",\"target\":{\"@type\":\"EntryPoint\",\"urlTemplate\":\"https:\/\/polanco420.com\/?s={search_term_string}\"},\"query-input\":{\"@type\":\"PropertyValueSpecification\",\"valueRequired\":true,\"valueName\":\"search_term_string\"}}],\"inLanguage\":\"es\"},{\"@type\":\"Organization\",\"@id\":\"https:\/\/polanco420.com\/#organization\",\"name\":\"Polanco420.com - Comprar Marihuana 420 Polanco CDMX - Envios a todo Mexico - Whatsapp: 00528135669557 \u2013 Eva Whatsapp Secundario : 00528132769756 Mike -\",\"url\":\"https:\/\/polanco420.com\/\",\"logo\":{\"@type\":\"ImageObject\",\"inLanguage\":\"es\",\"@id\":\"https:\/\/polanco420.com\/#\/schema\/logo\/image\/\",\"url\":\"https:\/\/polanco420.com\/wp-content\/uploads\/2023\/01\/northwestpinneaple.jpeg\",\"contentUrl\":\"https:\/\/polanco420.com\/wp-content\/uploads\/2023\/01\/northwestpinneaple.jpeg\",\"width\":300,\"height\":300,\"caption\":\"Polanco420.com - Comprar Marihuana 420 Polanco CDMX - Envios a todo Mexico - Whatsapp: 00528135669557 \u2013 Eva Whatsapp Secundario : 00528132769756 Mike -\"},\"image\":{\"@id\":\"https:\/\/polanco420.com\/#\/schema\/logo\/image\/\"}}]}<\/script>\n<!-- \/ Yoast SEO plugin. -->","yoast_head_json":{"title":"metatags2 - Polanco420.com - Comprar Marihuana 420 Polanco CDMX - Envios a todo Mexico - Whatsapp: 00528135669557 \u2013 Eva Whatsapp Secundario : 00528132769756 Mike -","robots":{"index":"index","follow":"follow","max-snippet":"max-snippet:-1","max-image-preview":"max-image-preview:large","max-video-preview":"max-video-preview:-1"},"canonical":"https:\/\/polanco420.com\/?page_id=121","og_locale":"es_ES","og_type":"article","og_title":"metatags2 - Polanco420.com - Comprar Marihuana 420 Polanco CDMX - Envios a todo Mexico - Whatsapp: 00528135669557 \u2013 Eva Whatsapp Secundario : 00528132769756 Mike -","og_description":"Polanco, Ciudad de M\u00e9xico, tiendas en Polanco, restaurantes en Polanco, hoteles en Polanco, eventos en Polanco, atracciones en Polanco, turismo Polanco, vida nocturna Polanco, actividades en Polanco, cultura en Polanco, arte en Polanco, shopping Polanco, boutiques Polanco, cafeter\u00edas Polanco, gastronom\u00eda en Polanco, bares en Polanco, museos en Polanco, centros comerciales Polanco, servicios en Polanco, negocios [&hellip;]","og_url":"https:\/\/polanco420.com\/?page_id=121","og_site_name":"Polanco420.com - Comprar Marihuana 420 Polanco CDMX - Envios a todo Mexico - Whatsapp: 00528135669557 \u2013 Eva Whatsapp Secundario : 00528132769756 Mike -","twitter_card":"summary_large_image","schema":{"@context":"https:\/\/schema.org","@graph":[{"@type":"WebPage","@id":"https:\/\/polanco420.com\/?page_id=121","url":"https:\/\/polanco420.com\/?page_id=121","name":"metatags2 - Polanco420.com - Comprar Marihuana 420 Polanco CDMX - Envios a todo Mexico - Whatsapp: 00528135669557 \u2013 Eva Whatsapp Secundario : 00528132769756 Mike -","isPartOf":{"@id":"https:\/\/polanco420.com\/#website"},"datePublished":"2024-08-08T23:25:35+00:00","breadcrumb":{"@id":"https:\/\/polanco420.com\/?page_id=121#breadcrumb"},"inLanguage":"es","potentialAction":[{"@type":"ReadAction","target":["https:\/\/polanco420.com\/?page_id=121"]}]},{"@type":"BreadcrumbList","@id":"https:\/\/polanco420.com\/?page_id=121#breadcrumb","itemListElement":[{"@type":"ListItem","position":1,"name":"Portada","item":"https:\/\/polanco420.com\/"},{"@type":"ListItem","position":2,"name":"metatags2"}]},{"@type":"WebSite","@id":"https:\/\/polanco420.com\/#website","url":"https:\/\/polanco420.com\/","name":"Polanco420.com - Comprar Marihuana 420 Polanco CDMX - Envios a todo Mexico - Whatsapp: 00528135669557 \u2013 Eva Whatsapp Secundario : 00528132769756 Mike -","description":"Polanco420.com \u2013 8132769756 whatsapp Venta de marihuana en mano y por correo en Polanco CDMX y Toluca","publisher":{"@id":"https:\/\/polanco420.com\/#organization"},"potentialAction":[{"@type":"SearchAction","target":{"@type":"EntryPoint","urlTemplate":"https:\/\/polanco420.com\/?s={search_term_string}"},"query-input":{"@type":"PropertyValueSpecification","valueRequired":true,"valueName":"search_term_string"}}],"inLanguage":"es"},{"@type":"Organization","@id":"https:\/\/polanco420.com\/#organization","name":"Polanco420.com - Comprar Marihuana 420 Polanco CDMX - Envios a todo Mexico - Whatsapp: 00528135669557 \u2013 Eva Whatsapp Secundario : 00528132769756 Mike -","url":"https:\/\/polanco420.com\/","logo":{"@type":"ImageObject","inLanguage":"es","@id":"https:\/\/polanco420.com\/#\/schema\/logo\/image\/","url":"https:\/\/polanco420.com\/wp-content\/uploads\/2023\/01\/northwestpinneaple.jpeg","contentUrl":"https:\/\/polanco420.com\/wp-content\/uploads\/2023\/01\/northwestpinneaple.jpeg","width":300,"height":300,"caption":"Polanco420.com - Comprar Marihuana 420 Polanco CDMX - Envios a todo Mexico - Whatsapp: 00528135669557 \u2013 Eva Whatsapp Secundario : 00528132769756 Mike -"},"image":{"@id":"https:\/\/polanco420.com\/#\/schema\/logo\/image\/"}}]}},"_links":{"self":[{"href":"https:\/\/polanco420.com\/index.php?rest_route=\/wp\/v2\/pages\/121","targetHints":{"allow":["GET"]}}],"collection":[{"href":"https:\/\/polanco420.com\/index.php?rest_route=\/wp\/v2\/pages"}],"about":[{"href":"https:\/\/polanco420.com\/index.php?rest_route=\/wp\/v2\/types\/page"}],"author":[{"embeddable":true,"href":"https:\/\/polanco420.com\/index.php?rest_route=\/wp\/v2\/users\/1"}],"replies":[{"embeddable":true,"href":"https:\/\/polanco420.com\/index.php?rest_route=%2Fwp%2Fv2%2Fcomments&post=121"}],"version-history":[{"count":1,"href":"https:\/\/polanco420.com\/index.php?rest_route=\/wp\/v2\/pages\/121\/revisions"}],"predecessor-version":[{"id":122,"href":"https:\/\/polanco420.com\/index.php?rest_route=\/wp\/v2\/pages\/121\/revisions\/122"}],"wp:attachment":[{"href":"https:\/\/polanco420.com\/index.php?rest_route=%2Fwp%2Fv2%2Fmedia&parent=121"}],"curies":[{"name":"wp","href":"https:\/\/api.w.org\/{rel}","templated":true}]}}